 = 5*g - 4*g + 6. Let v = m + 9. Calculate the highest common factor of 49 and v.
7
Suppose 0 = 5*z - 555 - 105. Calculate the greatest common divisor of z and 12.
12
Suppose -2*q + 6*q - 76 = 0. Suppose 4*k - 9 = q. Suppose -5*z - 13 - k = 0, 4*d = -z + 132. Calculate the highest common divisor of 85 and d.
17
Suppose y + 2*y - 117 = 0. Calculate the highest common divisor of 39 and y.
39
Let o = 33 - 11. Calculate the greatest common divisor of 33 and o.
11
Let r be (25/10)/((-1)/(-22)). What is the greatest common factor of 11 and r?
11
Let c(q) = -39*q - 1. Let u be c(9). Let j be 3/2*u/(-12). Calculate the highest common factor of 11 and j.
11
Let o(h) = h - 4. Let w be o(3). Let r be (-6315)/(-60) - (-2)/(-8). Let s be r/1 - (1 + w). What is the highest common factor of s and 15?
15
Suppose -4*v + 34 = 10. Let s be (-114)/(-4)*8/v. Suppose -f + s = -5*u - 17, -5*f = 2*u - 140. What is the highest common factor of 5 and f?
5
Let i = 47 + -32. Calculate the highest common divisor of 9 and i.
3
Let d be (1 - 0)*(5 + -2). Calculate the highest common divisor of d and 21.
3
Suppose 4*j = -2*q + 20, q + 3 + 11 = 4*j. Suppose 0 = j*m - 3*u - 61, 7*m - 2*m = 4*u + 77. Let p = -8 - -60. Calculate the greatest common factor of p and m.
13
Let o(g) = 14*g**2 + 3*g - 9. Let r be o(3). Calculate the greatest common divisor of r and 21.
21
Suppose -2*k = -5*k + 9. Suppose 4*j + 3*o + 0*o = 111, 4*o = -k*j + 92. Calculate the highest common factor of j and 16.
8
Suppose 13 - 3 = 2*k, -5*b - 5*k = -165. Suppose 20 = s + g, -3*s + s + 4*g + b = 0. Calculate the highest common factor of s and 45.
9
Let u(z) = 7*z**2 + 4*z - 4. Let f be u(-4). Calculate the highest common divisor of 23 and f.
23
Suppose o - 4*a + 2 = 5, 4*a = 3*o - 41. What is the highest common factor of o and 38?
19
Let u(g) = -g**3 - 8*g**2 - 10*g + 11. Let f be u(-8). Suppose 0 = -s - 3*s + 52. Calculate the highest common divisor of f and s.
13
Let g = -3 - -16. Let h(x) = -235*x - 1. Let t be h(-1). Suppose 3*c + t = 2*f, -4*f + 0*c = -c - 468. What is the highest common divisor of f and g?
13
Let i be ((-60)/2)/(-2) - -1. Suppose 4*m + 3*j = -945, 4*j = -0*m - m - 233. Let z = -93 - m. What is the greatest common divisor of i and z?
16
Let p be 159 - (1 - 2 - -2). Let b = p + 40. Suppose -3*g = -6*g + 54. What is the greatest common factor of g and b?
18
Suppose -4*a = -a - 48. Let o be (-16)/(-7) + 2/(-7). Let b be (o - (-123 + -3))*1. What is the greatest common divisor of a and b?
16
Let k(v) = v. Let t(q) = -q**2 + q - 5. Let g(h) = -3*k(h) - t(h). Let b be g(4). Let w = b - 4. What is the greatest common factor of w and 11?
1
Suppose 2*s - 12 = 2. Let r = s - -11. Calculate the highest common factor of r and 12.
6
Let y = -10 + 14. Suppose -y*v - 26 = -2*v. Let r = 43 + v. What is the highest common divisor of 10 and r?
10
Let s(p) = 0 + p**2 + p**3 - 1 + 4*p**2. Let t be s(-2). Let l = -29 - -73. What is the highest common divisor of l and t?
11
Let s be 16/(2/1) + 0. Calculate the greatest common factor of s and 72.
8
Suppose 0 = -2*b - 2*w + 16, -5*b + 11 = -w - 17. Calculate the highest common divisor of 9 and b.
3
Suppose -2*c - q = -4*q - 1, 5*c - 14 = -4*q. Calculate the greatest common divisor of 1 and c.
1
Let o be (828/6)/(2/(-4)). Let n = 19 - o. Suppose -3*z + n = s, 2*z + 3*z - 520 = 4*s. What is the highest common divisor of z and 40?
20
Let n(f) = f**3 + 14*f**2 + 13*f + 12. Let i be n(-13). What is the greatest common factor of i and 4?
4
Suppose 0*f + g + 29 = f, 0 = 3*f - 4*g - 89. What is the greatest common divisor of 108 and f?
27
Suppose 0*x + 4*x = 20. What is the highest common factor of 5 and x?
5
Let k = -27 - -37. Calculate the greatest common factor of 2 and k.
2
Let z(k) be the first derivative of k**3/3 + 3*k**2 - 11*k + 3. Let b = -4 + -4. Let r be z(b). What is the greatest common divisor of 55 and r?
5
Suppose 4*b - 58 + 14 = 0. Calculate the highest common factor of 11 and b.
11
Let c = 34 + 56. What is the highest common divisor of 45 and c?
45
Let x = 57 + -18. What is the highest common factor of x and 26?
13
Let w(g) = g + 25. Let m be w(-16). What is the highest common factor of 117 and m?
9
Let c = -13 - -15. Let j(k) = k**3 - k**2 - k + 2. Let b be j(c). Calculate the greatest common factor of b and 10.
2
Suppose -s + 0*s + 4 = 0. Let c be (-43)/(-3) + s/(-12). What is the greatest common divisor of 28 and c?
14
Let g(n) = -8*n + 9. Let m be g(-5). What is the greatest common factor of m and 7?
7
Let m(q) = 22*q - 3. Let d be m(2). Suppose 0 = -4*c - 3*z + 65, d + 30 = 4*c - 3*z. Calculate the highest common factor of 187 and c.
17
Suppose 4*g - 4*b = -12, 3 + 13 = -2*g + 4*b. Suppose -g*p + 5 = -7. What is the greatest common factor of 54 and p?
6
Suppose -3*x - 53 = -338. Let o(b) = 3 - 6 + b**2 + 2 + b. Let c be o(4). What is the greatest common divisor of c and x?
19
Suppose -2*f + 2 = 0, -4*f + 2*f = -5*u + 28. What is the greatest common factor of u and 9?
3
Let h = 218 - 141. Calculate the highest common factor of h and 7.
7
Suppose -3*w = 3*a + w - 17, 16 = 2*a + 5*w. Suppose -4*x - 2*v = -32, 2*x + 3*v = -a + 19. What is the highest common factor of 2 and x?
2
Suppose 4*t - 90 = 6. Let n(b) = -b**2 + 21*b + 4. Let g be n(17). What is the highest common divisor of g and t?
24
Let f be ((-2)/(-1))/((-4)/4). Let o be (f + 103 + -2)*2. Calculate the greatest common factor of 18 and o.
18
Suppose 0 = -6*m + 2*m + 48. Let p be (14/4)/(6/m). Suppose -3*l = -16 - 47. What is the greatest common factor of l and p?
7
Let r = -4 + 31. What is the highest common divisor of 27 and r?
27
Suppose 0 = -0*r - 5*r + 110. Let m be -4 - 0 - 1003/(-17). Calculate the highest common factor of m and r.
11
Suppose -x + 12 = -5*x. Let u(m) = -2*m + 3. Let c be u(x). Calculate the greatest common divisor of c and 63.
9
Let v = 3 - -6. What is the highest common divisor of 99 and v?
9
Suppose -6*j = -3*j - 27. Suppose 0 = -3*z - 0 + j. Suppose -45 = -z*d - 2*d. What is the greatest common factor of d and 18?
9
Suppose 1 = -2*m + 9. Suppose -2*q = -m - 4. What is the greatest common factor of 16 and q?
4
Let r be (222/(-9))/((-10)/45). Suppose -a - 3*t = -0*a - r, 2*t = 8. What is the greatest common divisor of a and 9?
9
Suppose 2*j - 5*j = -15, -10 = 5*r - 5*j. Suppose r*k = -0*k + 5*i + 587, 4*k + 5*i - 736 = 0. Calculate the greatest common divisor of 21 and k.
21
Suppose 4*i = 4*y + 3*i - 62, 3*y + 4*i - 37 = 0. What is the highest common factor of y and 165?
15
Let h = 8 - 6. Suppose 0*t + 28 = 7*t. Calculate the highest common divisor of h and t.
2
Let f(p) = 72*p. Let d = 5 + -4. Let c be f(d). Let m(q) = q**3 - 5*q**2 - 4*q - 4. Let w be m(6). Calculate the greatest common factor of c and w.
8
Suppose 5*d - 15 = 50. Let r = 15 - d. Calculate the greatest common factor of r and 2.
2
Let m(h) = h**3 + 7*h**2 + h - 4. Let z be m(-5). What is the highest common divisor of z and 369?
41
Let d(t) = -t + 1. Let r(i) = -3*i - 1. Let a(z) = 4*d(z) + r(z). Let m be a(-3). What is the greatest common divisor of 6 and m?
6
Let x(w) = -18*w - 2. Let u be x(-9). Calculate the greatest common divisor of 64 and u.
32
Suppose 3*v + 9 - 24 = 0. Suppose -l = 4*q - 3*q - 12, v*l - 5 = 0. Suppose -q = -3*y + 1. Calculate the greatest common factor of y and 6.
2
Suppose 3*x - 242 = x. Let p = -175 - -186. Calculate the highest common divisor of p and x.
11
Let p(k) = 19*k + 6. Let w be p(6). Suppose 5*v - 120 = 3*v - c, 2*v + 3*c = w. What is the greatest common factor of 15 and v?
15
Let w(v) = v**2 + 11*v - 9. Let d be w(-12). Let c(q) = -3*q - 3*q**d - 2*q - 4*q**2 + 4*q**3. Let i be c(6). Calculate the greatest common divisor of i and 6.
6
Let b = 37 + -13. Let u be (108/(-90))/(3/(-15)). Calculate the greatest common divisor of u and b.
6
Let m(q) = 10*q**2 + 3*q - 7. Let t(d) = 11*d**2 + 3*d - 6. Let y(x) = -2*m(x) + 3*t(x). Let g be y(-3). What is the greatest common factor of g and 13?
13
Suppose -2*c = -3*y + 91, 0*y - 5*y + 140 = -c. Let f(i) = -2 - i + 2*i - i**2 + 5. Let p be f(0). What is the greatest common divisor of p and y?
3
Let y(t) = 32*t**3 + t - 1. Let u be y(1). Suppose 2*q + 4*s - 8 = 0, -4 = -3*q + 5*s + 8. What is the greatest common fact